 What is the greatest common divisor of u and p?
14
Let n be 7*15 + 10 + 90/(-9). Calculate the highest common factor of 14 and n.
7
Let s = 100 - 97. Let y(j) = 7*j**3 - 5*j**2 + 5*j + 2. Let f be y(s). What is the highest common divisor of 23 and f?
23
Let o be -5*1244*(-8)/32. Calculate the highest common factor of 5 and o.
5
Let i(b) = -b**2 - 7*b + 8. Let r be i(-8). Suppose r = 26*f - 21*f - 200. Calculate the greatest common factor of 16 and f.
8
Let r be ((-15)/(-3) + 4)/3. Suppose 3*b - 79 = -r*p - 2*p, b - 3 = 0. Let y be (-56)/(-6)*1*3. What is the greatest common divisor of p and y?
14
Suppose 7 + 22 = j. Suppose -t + 3 + j = 0. Calculate the highest common divisor of t and 160.
32
Suppose 6 + 26 = 4*f. Let t(v) = -16*v + 121. Let x be t(8). Let k = f - x. What is the greatest common factor of 165 and k?
15
Let a(d) = -d + 27. Let z be a(14). Calculate the highest common divisor of z and 403.
13
Let f be 4/18 - 974/9. Let g = -97 - f. What is the greatest common divisor of g and 176?
11
Suppose 66*z + 27 = 67*z. What is the highest common divisor of 1 and z?
1
Let r be -7 - 2/(-3 - (-14)/6). Let x be 14*(-27)/6*r/7. Calculate the greatest common divisor of 12 and x.
12
Suppose -4*h - h + 60 = 0. Let d be (-7 - 3/(-3))*-100. Suppose -120 + d = 5*k. What is the greatest common factor of k and h?
12
Let x be (132/(-11))/(-6)*16/1. What is the highest common divisor of x and 464?
16
Suppose 149 = 10*t - 101. Suppose -t = -o - 7. What is the highest common divisor of 2 and o?
2
Let b = 141 + -126. Let c be 6/b + (-215)/(-25). What is the greatest common factor of 9 and c?
9
Suppose 0 = -45*x + 84*x - 43*x + 104. Let g = 21 - -18. Calculate the highest common divisor of x and g.
13
Let m be (534/12)/((-2)/(-4)). Let f = 26 + m. What is the greatest common divisor of f and 23?
23
Let i(d) = 5*d**2 + 25 - 21*d**2 + 15*d**2 + 16*d. Let w be i(16). What is the highest common divisor of w and 5?
5
Let r(x) = -2*x**2 + 9*x - 9. Let o be r(6). Let z = -22 - o. Let g be z/(-10)*2 - -8. Calculate the greatest common factor of 63 and g.
7
Suppose -382 + 80 = -2*h. Let k = h + -101. What is the highest common factor of k and 20?
10
Let h be (0/3)/(-2 - -1). Suppose -5*v + 251 = 2*d, -v - 3*d + 58 = -h*d. Suppose -41 - v = -t. Calculate the highest common divisor of 36 and t.
18
Let t be (-2404545)/(-1650) - (-6)/(-20). What is the greatest common factor of t and 47?
47
Let z be (-33)/(4/((-224)/12)). Suppose a + z = 2*k - 65, 321 = 3*k + a. Calculate the highest common divisor of k and 12.
12
Let j(v) = -v**2 - 16*v + 936. Let m be j(23). Suppose 3*t = -3*n + 1299, 2*t + 4*n = 5*n + 854. What is the highest common divisor of t and m?
39
Let b = -44 + 46. Let t be 436/8 - 5/b. What is the greatest common factor of 78 and t?
26
Suppose -5*y - 8 = u + 3, -u + 19 = -5*y. Let r be (-48)/(-4)*(0 - (-22)/u). Calculate the greatest common divisor of r and 44.
22
Let r(o) = o**3 + 7*o**2 - 16*o - 68. Let i be r(-5). What is the greatest common factor of i and 496?
62
Suppose 0 = k - 16 - 14. Suppose o - k = -o. Calculate the highest common factor of o and 10.
5
Let i be (104/6)/1*39/26. Calculate the greatest common factor of 442 and i.
26
Let s(p) = -3*p - 12 + 3 + 6*p - 2*p. Let o be 14/8*(-10 + 18). Let w be s(o). What is the highest common divisor of 25 and w?
5
Let u(k) = k**3 - 2*k**2 - 3*k - 2. Let h be u(4). Let d(w) = -2*w**2 - 30*w - 22. Let i be d(-8). What is the greatest common factor of i and h?
18
Suppose 2*i - 403*s - 27 = -406*s, 76 = 5*i - s. Let q be 3/((1/10)/1). Calculate the highest common divisor of q and i.
15
Let n be 7/(-28) - 10/(-8). Calculate the highest common divisor of 1 and n.
1
Suppose 4 = -4*a - 4*m - 8, 2*a = 4*m + 12. Suppose 368 + 49 = 2*k - q, a = 2*k + 2*q - 426. Calculate the highest common factor of 30 and k.
30
Let w(z) = z**2 + 17*z + 20. Let l be w(-16). Suppose -2*b - l = -4*b. What is the greatest common divisor of 8 and b?
2
Suppose -20*j = -22*j + 74. Let b = j - 8. Calculate the highest common divisor of b and 58.
29
Let h be (33 + -40)*22/(-14). What is the greatest common divisor of h and 77?
11
Let g(p) = -13*p**3 + 2*p**2 + p + 1. Let v be g(-1). Let r(s) = 10*s**2 + 3*s - 3. Let z be r(1). What is the highest common factor of z and v?
5
Suppose -2*y - w = 4 - 18, -4*y + 26 = 3*w. Suppose -2*o = -6*o + 16. Let t = 28 + o. Calculate the highest common factor of t and y.
8
Let q be (24/132 + (-26)/22)*44. Let z be 76 - (-1 + 2 + 1). Let a = z + q. What is the highest common divisor of a and 6?
6
Suppose -5*b = 15 + 75. Let a be (-707)/77 - (-2)/11. Let i = a - b. What is the greatest common factor of i and 99?
9
Let j be -3 + 14/(1 - -1). Suppose -2*p + 2*h = -3*p + 72, -h + 281 = j*p. Let y be 3 - -1*(9 - 2). What is the greatest common divisor of y and p?
10
Suppose -c + 8 = 3*c, 0 = 4*o + 5*c - 22. Let z be 0/(-1) - (o - 63). Let n = -18 + 30. Calculate the greatest common factor of z and n.
12
Let c be 1449/207 - (2 + (-10 - -1)). Calculate the highest common factor of 5222 and c.
14
Let c be (-5)/20 + (1 - (-63)/12). Suppose -3*j - 4*p + 32 = -80, 0 = -3*p - c. Calculate the highest common divisor of j and 10.
10
Suppose 2*q - 4*u = 24, -60 = -q - 3*q + 4*u. Suppose -94 = -5*s + 4*f, 91 = 11*s - 6*s - f. What is the highest common divisor of q and s?
18
Let v(z) = -3*z + 279. Let r be v(33). What is the greatest common factor of r and 12?
12
Suppose 13*m - 15156 = 9*m. Calculate the highest common divisor of 9 and m.
9
Let b = 2839 + -2767. Suppose 5*t = 62 + 28. Calculate the highest common factor of t and b.
18
Let n be (1 + -2)/((-2)/18). Let t(b) = b**3 - 3*b**2 - 3*b + 3. Let v be t(0). What is the highest common factor of v and n?
3
Let v be 64/3 - (-20)/(-60). Suppose 3*f = -2*f + 30. Suppose -4*g + f*g - 14 = 0. What is the highest common divisor of v and g?
7
Let z(c) = 2*c**2 - 12*c - 12. Let u be z(-6). Suppose 4*g + 161 = 41. Let d = -18 - g. Calculate the greatest common factor of d and u.
12
Let z(d) = -3*d**3 - 2*d**3 - 3*d - 2 - d**3. Let q = 76 - 78. Let l be z(q). What is the highest common divisor of l and 26?
26
Suppose -64*m - 32 = -65*m. Calculate the greatest common divisor of m and 432.
16
Suppose 0 = -4*p + 16, -o - 5 = -5*p - 31. Let q be 319 + 2/((-8)/(-12)). What is the greatest common divisor of o and q?
46
Suppose 0 = 3*w + 5*p - 41, -4*w + 52 = p + 3*p. Let a be (3 - w - 3)*-2. Calculate the greatest common factor of 12 and a.
12
Let j(a) = a**2 + 7*a + 9. Let t be j(-7). Let o = 11 - t. Suppose 0 = -5*z - 10, -3*r - o*z + 228 - 64 = 0. What is the highest common factor of r and 7?
7
Let a(g) = g - 4. Let k(z) = -2*z + 8. Let v(q) = -13*a(q) - 6*k(q). Let i = 8 + -22. Let p be v(i). What is the greatest common factor of 45 and p?
9
Let a = 186 - 31. Calculate the highest common divisor of a and 62.
31
Let p(m) = m**2 + 14*m + 32. Let b be p(-12). What is the greatest common factor of 104 and b?
8
Let z = 876 - 778. Calculate the highest common factor of z and 336.
14
Suppose 114*q - 24 = 108*q. Calculate the greatest common factor of q and 14.
2
Let d = 2597 + -2587. What is the highest common divisor of 1010 and d?
10
Let r be (204 + -2)*7/(-14). Let z = -16 - r. What is the highest common factor of 17 and z?
17
Suppose -b + 11 + 112 = 0. Suppose 3*d + b = -1245. Let i = -236 - d. What is the greatest common factor of 20 and i?
20
Let l be 64/160 + 3646/10. What is the greatest common factor of 219 and l?
73
Let a = -96 + 102. Suppose -18 = -a*r + 5*r. Calculate the highest common factor of 24 and r.
6
Let q = -203 + 213. Suppose -2*l = -4*a + 30, 0 = 5*a - 5*l - 64 + 14. What is the highest common divisor of a and q?
5
Let x(u) be the third derivative of 7*u**4/24 - u**3/6 - 5*u**2. Let o be x(3). Let y = 35 - 25. Calculate the highest common factor of y and o.
10
Suppose 5*f = 2*l - 256, -2*f - l = 4*l + 114. Let j = f + 73. What is the greatest common factor of j and 105?
21
Suppose 12*q - 120 = -0*q. Let u = 0 - -4. Suppose -2*o = -u*o + 30. Calculate the highest common divisor of o and q.
5
Let j(f) = f**3 - f**2 + 20. Let u be j(0). Let z be 1/3 + u/3. Let l be 14/(-3)*-3*(-14)/(-4). What is the greatest common divisor of l and z?
7
Suppose 0 = -m + 3 + 82. L